f 153 and 1717.
17
What is the greatest common factor of 180 and 396?
36
What is the highest common factor of 221 and 17?
17
What is the highest common factor of 2015 and 455?
65
What is the highest common factor of 117 and 585?
117
What is the highest common divisor of 770 and 790?
10
Calculate the greatest common divisor of 1500 and 36.
12
Calculate the greatest common divisor of 256 and 6.
2
What is the greatest common divisor of 45 and 7335?
45
What is the greatest common factor of 99 and 341?
11
Calculate the greatest common divisor of 68 and 918.
34
Calculate the greatest common factor of 74 and 4699.
37
What is the greatest common factor of 141 and 3?
3
Calculate the highest common divisor of 738 and 18.
18
What is the highest common divisor of 14982 and 198?
66
What is the greatest common factor of 2807 and 14?
7
What is the highest common factor of 114 and 3477?
57
Calculate the greatest common divisor of 86 and 6278.
86
Calculate the greatest common factor of 938 and 126.
14
What is the highest common factor of 4 and 24?
4
Calculate the greatest common factor of 848 and 159.
53
What is the greatest common divisor of 224 and 544?
32
What is the greatest common factor of 8 and 216?
8
What is the highest common factor of 400 and 32?
16
Calculate the highest common factor of 286 and 78.
26
What is the highest common factor of 5424 and 48?
48
Calculate the highest common divisor of 3834 and 126.
18
Calculate the highest common factor of 6118 and 154.
14
Calculate the greatest common factor of 80 and 5.
5
What is the highest common divisor of 82 and 3854?
82
What is the highest common factor of 378 and 266?
14
Calculate the greatest common factor of 344 and 817.
43
Calculate the greatest common factor of 345 and 2806.
23
Calculate the greatest common divisor of 1265 and 165.
55
What is the greatest common factor of 7 and 9793?
7
What is the greatest common divisor of 7426 and 790?
158
What is the greatest common factor of 1 and 891?
1
What is the highest common divisor of 3 and 12?
3
What is the greatest common factor of 3125 and 75?
25
What is the greatest common divisor of 494 and 8?
2
What is the highest common divisor of 4 and 420?
4
What is the greatest common divisor of 10 and 250?
10
Calculate the highest common divisor of 2076 and 3.
3
Calculate the highest common divisor of 402 and 1072.
134
What is the greatest common divisor of 25 and 925?
25
What is the greatest common factor of 1980 and 108?
36
Calculate the highest common divisor of 154 and 17402.
154
What is the highest common divisor of 486 and 162?
162
What is the highest common factor of 40 and 700?
20
What is the highest common divisor of 5238 and 388?
194
What is the highest common divisor of 261 and 29?
29
Calculate the highest common factor of 184 and 92.
92
What is the highest common divisor of 1404 and 648?
108
Calculate the highest common divisor of 3 and 21.
3
Calculate the highest common divisor of 120 and 24.
24
What is the greatest common factor of 385 and 22?
11
Calculate the greatest common divisor of 30 and 6010.
10
Calculate the greatest common divisor of 30 and 10.
10
Calculate the greatest common divisor of 3652 and 83.
83
What is the greatest common divisor of 4496 and 16?
16
Calculate the highest common factor of 759 and 264.
33
Calculate the highest common factor of 4045 and 15.
5
What is the highest common factor of 2451 and 3?
3
What is the highest common divisor of 119 and 7?
7
Calculate the greatest common factor of 99 and 36.
9
Calculate the highest common factor of 184 and 24.
8
What is the highest common factor of 28427 and 7?
7
Calculate the greatest common divisor of 960 and 45.
15
Calculate the greatest common factor of 3650 and 292.
146
Calculate the highest common divisor of 37 and 6031.
37
What is the greatest common divisor of 783 and 81?
27
Calculate the greatest common factor of 26091 and 78.
39
What is the highest common factor of 1258 and 518?
74
What is the highest common factor of 368 and 138?
46
What is the highest common factor of 44 and 814?
22
Calculate the greatest common divisor of 7650 and 136.
34
What is the highest common divisor of 18 and 84?
6
Calculate the highest common factor of 253 and 66.
11
What is the greatest common divisor of 840 and 40?
40
What is the greatest common factor of 20 and 3940?
20
Calculate the highest common divisor of 1 and 3671.
1
Calculate the greatest common factor of 34 and 34.
34
What is the greatest common factor of 1014 and 78?
78
What is the greatest common divisor of 54 and 1215?
27
Calculate the highest common factor of 48 and 96.
48
Calculate the highest common divisor of 22223 and 71.
71
Calculate the greatest common divisor of 374 and 2486.
22
What is the greatest common factor of 3 and 79?
1
What is the greatest common factor of 20715 and 15?
15
Calculate the highest common divisor of 56 and 368.
8
Calculate the highest common divisor of 28 and 7133.
7
What is the greatest common factor of 108 and 132?
12
Calculate the highest common divisor of 80 and 5.
5
What is the greatest common divisor of 19 and 323?
19
Calculate the highest common divisor of 972 and 306.
18
What is the highest common divisor of 871 and 104?
13
What is the highest common divisor of 34 and 153?
17
Calculate the highest common divisor of 275 and 88.
11
Calculate the greatest common factor of 42 and 5502.
42
What is the highest common factor of 9620 and 3330?
370
Calculate the greatest common factor of 1359 and 36.
9
Calculate the highest common factor of 19050 and 450.
150
Calculate the highest common factor of 216 and 3096.
72
Calculate the highest common divisor of 104 and 2938.
26
What is the greatest common divisor of 3842 and 51?
17
What is the highest common divisor of 28 and 11788?
28
Calculate the greatest common factor of 9 and 35.
1
What is the highest common factor of 1281 and 336?
21
What is the greatest common divisor of 873 and 9?
9
Calculate the highest common divisor of 16 and 20.
4
Calculate the highest common divisor of 106 and 583.
53
Calculate the highest common factor of 114 and 4218.
114
Calculate the highest common factor of 20 and 35.
5
Calculate the greatest common factor of 2224 and 16.
16
What is the greatest common factor of 4524 and 104?
52
Calculate the greatest common factor of 8805 and 30.
15
Calculate the greatest common factor of 165 and 351.
3
What is the highest common divisor of 297 and 33?
33
Calculate the greatest common factor of 10 and 22.
2
What is the greatest common factor of 291 and 679?
97
Calculate the greatest common factor of 1230 and 90.
30
Calculate the highest common divisor of 1132 and 44.
4
Calculate the highest common divisor of 817 and 172.
43
Calculate the highest common factor of 609 and 4350.
87
Calculate the highest common factor of 522 and 24.
6
What is the greatest common factor of 15 and 111?
3
What is the greatest common factor of 172 and 952?
4
What is the greatest common factor of 1750 and 140?
70
Calculate the highest common factor of 6 and 9.
3
Calculate the highest common divisor of 9018 and 334.
334
Calculate the greatest common factor of 118 and 7198.
118
Calculate the highest common factor of 64 and 46912.
64
Calculate the greatest common divisor of 80 and 304.
16
What is the greatest common factor of 800 and 208?
16
What is the highest common factor of 14 and 23786?
14
Calculate the highest common factor of 34 and 986.
34
Calculate the greatest common factor of 11873 and 31.
31
What is the highest common divisor of 403 and 62?
31
Calculate the highest common factor of 552 and 13179.
69
Calculate the greatest common divisor of 289 and 136.
17
Calculate the greatest common factor of 11111 and 41.
41
Calculate the greatest common factor of 17886 and 132.
66
What is the greatest common divisor of 17202 and 94?
94
Calculate the highest common divisor of 23 and 207.
23
What is the greatest common factor of 483 and 21?
21
What is the highest common factor of 384 and 3?
3
What is the greatest common factor of 24 and 852?
12
What is the greatest common divisor of 246 and 312?
6
Calculate the greatest common factor of 484 and 220.
44
Calculate the greatest common factor of 4698 and 1134.
162
What is the greatest common factor of 369 and 1602?
9
Wh